{"id":3,"date":"2023-06-14T15:11:40","date_gmt":"2023-06-14T15:11:40","guid":{"rendered":"http:\/\/casadelaqueimada.es\/?page_id=3"},"modified":"2023-06-22T16:21:31","modified_gmt":"2023-06-22T16:21:31","slug":"politica-privacidad","status":"publish","type":"page","link":"https:\/\/casadelaqueimada.es\/?page_id=3","title":{"rendered":"Pol\u00edtica de privacidad"},"content":{"rendered":"\t\t<div data-elementor-type=\"wp-page\" data-elementor-id=\"3\" class=\"elementor elementor-3\">\n\t\t\t\t\t\t\t\t\t<section class=\"elementor-section elementor-top-section elementor-element elementor-element-6c2b7c15 elementor-section-boxed elementor-section-height-default elementor-section-height-default\" data-id=\"6c2b7c15\" data-element_type=\"section\">\n\t\t\t\t\t\t<div class=\"elementor-container elementor-column-gap-default\">\n\t\t\t\t\t<div class=\"elementor-column elementor-col-100 elementor-top-column elementor-element elementor-element-49c042a0\" data-id=\"49c042a0\" data-element_type=\"column\">\n\t\t\t<div class=\"elementor-widget-wrap elementor-element-populated\">\n\t\t\t\t\t\t\t\t<div class=\"elementor-element elementor-element-383b4b14 elementor-widget elementor-widget-text-editor\" data-id=\"383b4b14\" data-element_type=\"widget\" data-widget_type=\"text-editor.default\">\n\t\t\t\t<div class=\"elementor-widget-container\">\n\t\t\t<style>\/*! elementor - v3.13.3 - 28-05-2023 *\/\n.elementor-widget-text-editor.elementor-drop-cap-view-stacked .elementor-drop-cap{background-color:#69727d;color:#fff}.elementor-widget-text-editor.elementor-drop-cap-view-framed .elementor-drop-cap{color:#69727d;border:3px solid;background-color:transparent}.elementor-widget-text-editor:not(.elementor-drop-cap-view-default) .elementor-drop-cap{margin-top:8px}.elementor-widget-text-editor:not(.elementor-drop-cap-view-default) .elementor-drop-cap-letter{width:1em;height:1em}.elementor-widget-text-editor .elementor-drop-cap{float:left;text-align:center;line-height:1;font-size:50px}.elementor-widget-text-editor .elementor-drop-cap-letter{display:inline-block}<\/style>\t\t\t\t<p><!-- wp:heading --><\/p>\n<h2 class=\"wp-block-heading\">Qui\u00e9nes somos<\/h2>\n<p><!-- \/wp:heading --><!-- wp:paragraph --><\/p>\n<p>La direcci\u00f3n de nuestra web es: http:\/\/casadelaqueimada.es.<\/p>\n<p><!-- \/wp:paragraph --><!-- wp:paragraph --><\/p>\n<p>Nombre de la empresa Antonio Cereijo Mart\u00ednez con DNI 36015865G, correo de contacto casadelaqueimada@gmail.com.<\/p>\n<p>Antonio Cereijo Mart\u00ednez, como Responsable del Tratamiento, le informa que, seg\u00fan lo dispuesto en el Reglamento (UE) 2016\/679, de 27 de abril, (RGPD) y en la L.O. 3\/2018, de 5 de diciembre, de protecci\u00f3n de datos y garant\u00eda de los derechos digitales (LOPDGDD), trataremos su datos tal y como reflejamos en la presente Pol\u00edtica de Privacidad.<\/p>\n<p>En esta Pol\u00edtica de Privacidad describimos c\u00f3mo recogemos sus datos personales y por qu\u00e9 los recogemos, qu\u00e9 hacemos con ellos, con qui\u00e9n los compartimos, c\u00f3mo los protegemos y sus opciones en cuanto al tratamiento de sus datos personales.<\/p>\n<p>Esta Pol\u00edtica se aplica al tratamiento de sus datos personales recogidos por la empresa para la prestaci\u00f3n de sus servicios. Si acepta las medidas de esta Pol\u00edtica, acepta que tratemos sus datos personales como se define en esta Pol\u00edtica.<\/p>\n<p><!-- \/wp:paragraph --><!-- wp:heading --><\/p>\n<h2 class=\"wp-block-heading\">Qu\u00e9 datos personales recogemos y por qu\u00e9 los recogemos<\/h2>\n<p><!-- \/wp:heading --><!-- wp:paragraph --><\/p>\n<p>Los datos que recogemos en el formulario de reserva son: nombre, apellidos, correo de contacto y tel\u00e9fono. Esta informaci\u00f3n es recopilada para que el visitante pueda realizar su reserva en nuestro establecimiento, pero no se utiliza la informaci\u00f3n enviada a trav\u00e9s de los formularios con fines de marketing.<\/p>\n<p><!-- \/wp:paragraph --><!-- wp:heading --><\/p>\n<h2 class=\"wp-block-heading\">Reservas y comentarios<\/h2>\n<p><!-- \/wp:heading --><!-- wp:paragraph --><\/p>\n<p>Cuando los visitantes realizan una reserva en la web, recopilamos los datos que nos proporciona en el formulario de reserva para gestionar \u00fanica y exclusivamente la propia reserva que se esta solicitando, as\u00ed como la direcci\u00f3n IP del visitante y la cadena de agentes de usuario del navegador para ayudar a la detecci\u00f3n de spam.<\/p>\n<p><!-- \/wp:paragraph --><!-- wp:heading --><\/p>\n<h2 class=\"wp-block-heading\">Medios<\/h2>\n<p><!-- \/wp:heading --><!-- wp:paragraph --><\/p>\n<p>En esta web no se permite subir im\u00e1genes por parte de los visitantes pero si pueden descargar y extraer cualquier dato de ubicaci\u00f3n de las im\u00e1genes de la web.<\/p>\n<p><!-- \/wp:heading --><!-- wp:paragraph --><\/p>\n<p><!-- \/wp:paragraph --><!-- wp:heading --><\/p>\n<h2 class=\"wp-block-heading\">Contenido incrustado de otros sitios web<\/h2>\n<p><!-- \/wp:heading --><!-- wp:paragraph --><\/p>\n<p>Esta web pueden recopilar datos sobre ti, utilizar cookies, incrustar un seguimiento adicional de terceros, y supervisar tu interacci\u00f3n con ese contenido incrustado, incluido el seguimiento de tu interacci\u00f3n con el contenido incrustado si est\u00e1s conectado a esta web.<\/p>\n<p><!-- \/wp:paragraph --><!-- wp:heading --><\/p>\n<h2 class=\"wp-block-heading\">Con qui\u00e9n compartimos tus datos<\/h2>\n<p><!-- \/wp:heading --><!-- wp:paragraph --><\/p>\n<p>Los datos ser\u00e1n gestionados \u00fanica y exclusivamente por las personas encargadas de la web y el negocio.<\/p>\n<p><!-- \/wp:paragraph --><!-- wp:heading --><\/p>\n<h2 class=\"wp-block-heading\">Cu\u00e1nto tiempo conservamos tus datos<\/h2>\n<p><!-- \/wp:heading --><!-- wp:paragraph --><\/p>\n<p>Si has realizado una reserva en esta web se conservan indefinidamente.<\/p>\n<p><!-- \/wp:paragraph --><!-- wp:paragraph --><\/p>\n<p>No existe ning\u00fan m\u00e9todo de registro donde el usuario pueda guardar sus datos y posteriormente modificarlos.<\/p>\n<p><!-- \/wp:paragraph --><!-- wp:heading --><\/p>\n<h2 class=\"wp-block-heading\">Qu\u00e9 derechos tienes sobre tus datos<\/h2>\n<p><!-- \/wp:heading --><!-- wp:paragraph --><\/p>\n<p>Si has realizado una reserva en esta web, puedes solicitar que eliminemos cualquier dato personal que tengamos sobre ti. Esto no incluye ning\u00fan dato que estemos obligados a conservar con fines administrativos, legales o de seguridad.<\/p>\n<p><!-- \/wp:paragraph --><!-- wp:heading --><\/p>\n<h2 class=\"wp-block-heading\">D\u00f3nde se env\u00edan tus datos<\/h2>\n<p><!-- \/wp:heading --><!-- wp:paragraph --><\/p>\n<p>Los datos proporcionados en las reserva se emplearan \u00fanica y exclusivamente para gestionar las propias reservas solicitadas por los usuarios, la informaci\u00f3n quedara registrada en el correo casadelaqueimada@gmail.com.<\/p>\n<p><!-- \/wp:paragraph --><\/p>\t\t\t\t\t\t<\/div>\n\t\t\t\t<\/div>\n\t\t\t\t\t<\/div>\n\t\t<\/div>\n\t\t\t\t\t\t\t<\/div>\n\t\t<\/section>\n\t\t\t\t\t\t\t<\/div>\n\t\t","protected":false},"excerpt":{"rendered":"<p>Qui\u00e9nes somos La direcci\u00f3n de nuestra web es: http:\/\/casadelaqueimada.es. Nombre de la empresa Antonio Cereijo Mart\u00ednez con DNI 36015865G, correo de contacto casadelaqueimada@gmail.com. Antonio Cereijo Mart\u00ednez, como Responsable del Tratamiento, le informa que, seg\u00fan lo dispuesto en el Reglamento (UE) 2016\/679, de 27 de abril, (RGPD) y en la L.O. 3\/2018, de 5 de diciembre, &hellip;<\/p>\n<p class=\"read-more\"> <a class=\"\" href=\"https:\/\/casadelaqueimada.es\/?page_id=3\"> <span class=\"screen-reader-text\">Pol\u00edtica de privacidad<\/span> Read More &raquo;<\/a><\/p>\n","protected":false},"author":1,"featured_media":0,"parent":0,"menu_order":0,"comment_status":"closed","ping_status":"open","template":"","meta":{"site-sidebar-layout":"default","site-content-layout":"default","ast-global-header-display":"","ast-banner-title-visibility":"","ast-main-header-display":"","ast-hfb-above-header-display":"","ast-hfb-below-header-display":"","ast-hfb-mobile-header-display":"","site-post-title":"","ast-breadcrumbs-content":"","ast-featured-img":"","footer-sml-layout":"","theme-transparent-header-meta":"","adv-header-id-meta":"","stick-header-meta":"","header-above-stick-meta":"","header-main-stick-meta":"","header-below-stick-meta":""},"aioseo_notices":[],"_links":{"self":[{"href":"https:\/\/casadelaqueimada.es\/index.php?rest_route=\/wp\/v2\/pages\/3"}],"collection":[{"href":"https:\/\/casadelaqueimada.es\/index.php?rest_route=\/wp\/v2\/pages"}],"about":[{"href":"https:\/\/casadelaqueimada.es\/index.php?rest_route=\/wp\/v2\/types\/page"}],"author":[{"embeddable":true,"href":"https:\/\/casadelaqueimada.es\/index.php?rest_route=\/wp\/v2\/users\/1"}],"replies":[{"embeddable":true,"href":"https:\/\/casadelaqueimada.es\/index.php?rest_route=%2Fwp%2Fv2%2Fcomments&post=3"}],"version-history":[{"count":7,"href":"https:\/\/casadelaqueimada.es\/index.php?rest_route=\/wp\/v2\/pages\/3\/revisions"}],"predecessor-version":[{"id":2010,"href":"https:\/\/casadelaqueimada.es\/index.php?rest_route=\/wp\/v2\/pages\/3\/revisions\/2010"}],"wp:attachment":[{"href":"https:\/\/casadelaqueimada.es\/index.php?rest_route=%2Fwp%2Fv2%2Fmedia&parent=3"}],"curies":[{"name":"wp","href":"https:\/\/api.w.org\/{rel}","templated":true}]}}

Política de privacidad

<div data-elementor-type="wp-page" data-elementor-id="3" class="elementor elementor-3">
									<section class="elementor-section elementor-top-section elementor-element elementor-element-6c2b7c15 elementor-section-boxed elementor-section-height-default elementor-section-height-default" data-id="6c2b7c15" data-element_type="section">
						<div class="elementor-container elementor-column-gap-default">
					<div class="elementor-column elementor-col-100 elementor-top-column elementor-element elementor-element-49c042a0" data-id="49c042a0" data-element_type="column">
			<div class="elementor-widget-wrap elementor-element-populated">
								<div class="elementor-element elementor-element-383b4b14 elementor-widget elementor-widget-text-editor" data-id="383b4b14" data-element_type="widget" data-widget_type="text-editor.default">
				<div class="elementor-widget-container">
			<style>/*! elementor - v3.13.3 - 28-05-2023 */
.elementor-widget-text-editor.elementor-drop-cap-view-stacked .elementor-drop-cap{background-color:#69727d;color:#fff}.elementor-widget-text-editor.elementor-drop-cap-view-framed .elementor-drop-cap{color:#69727d;border:3px solid;background-color:transparent}.elementor-widget-text-editor:not(.elementor-drop-cap-view-default) .elementor-drop-cap{margin-top:8px}.elementor-widget-text-editor:not(.elementor-drop-cap-view-default) .elementor-drop-cap-letter{width:1em;height:1em}.elementor-widget-text-editor .elementor-drop-cap{float:left;text-align:center;line-height:1;font-size:50px}.elementor-widget-text-editor .elementor-drop-cap-letter{display:inline-block}</style>				<p><!-- wp:heading --></p>
<h2 class="wp-block-heading">Quiénes somos</h2>
<p><!-- /wp:heading --><!-- wp:paragraph --></p>
<p>La dirección de nuestra web es: http://casadelaqueimada.es.</p>
<p><!-- /wp:paragraph --><!-- wp:paragraph --></p>
<p>Nombre de la empresa Antonio Cereijo Martínez con DNI 36015865G, correo de contacto casadelaqueimada@gmail.com.</p>
<p>Antonio Cereijo Martínez, como Responsable del Tratamiento, le informa que, según lo dispuesto en el Reglamento (UE) 2016/679, de 27 de abril, (RGPD) y en la L.O. 3/2018, de 5 de diciembre, de protección de datos y garantía de los derechos digitales (LOPDGDD), trataremos su datos tal y como reflejamos en la presente Política de Privacidad.</p>
<p>En esta Política de Privacidad describimos cómo recogemos sus datos personales y por qué los recogemos, qué hacemos con ellos, con quién los compartimos, cómo los protegemos y sus opciones en cuanto al tratamiento de sus datos personales.</p>
<p>Esta Política se aplica al tratamiento de sus datos personales recogidos por la empresa para la prestación de sus servicios. Si acepta las medidas de esta Política, acepta que tratemos sus datos personales como se define en esta Política.</p>
<p><!-- /wp:paragraph --><!-- wp:heading --></p>
<h2 class="wp-block-heading">Qué datos personales recogemos y por qué los recogemos</h2>
<p><!-- /wp:heading --><!-- wp:paragraph --></p>
<p>Los datos que recogemos en el formulario de reserva son: nombre, apellidos, correo de contacto y teléfono. Esta información es recopilada para que el visitante pueda realizar su reserva en nuestro establecimiento, pero no se utiliza la información enviada a través de los formularios con fines de marketing.</p>
<p><!-- /wp:paragraph --><!-- wp:heading --></p>
<h2 class="wp-block-heading">Reservas y comentarios</h2>
<p><!-- /wp:heading --><!-- wp:paragraph --></p>
<p>Cuando los visitantes realizan una reserva en la web, recopilamos los datos que nos proporciona en el formulario de reserva para gestionar única y exclusivamente la propia reserva que se esta solicitando, así como la dirección IP del visitante y la cadena de agentes de usuario del navegador para ayudar a la detección de spam.</p>
<p><!-- /wp:paragraph --><!-- wp:heading --></p>
<h2 class="wp-block-heading">Medios</h2>
<p><!-- /wp:heading --><!-- wp:paragraph --></p>
<p>En esta web no se permite subir imágenes por parte de los visitantes pero si pueden descargar y extraer cualquier dato de ubicación de las imágenes de la web.</p>
<p><!-- /wp:heading --><!-- wp:paragraph --></p>
<p><!-- /wp:paragraph --><!-- wp:heading --></p>
<h2 class="wp-block-heading">Contenido incrustado de otros sitios web</h2>
<p><!-- /wp:heading --><!-- wp:paragraph --></p>
<p>Esta web pueden recopilar datos sobre ti, utilizar cookies, incrustar un seguimiento adicional de terceros, y supervisar tu interacción con ese contenido incrustado, incluido el seguimiento de tu interacción con el contenido incrustado si estás conectado a esta web.</p>
<p><!-- /wp:paragraph --><!-- wp:heading --></p>
<h2 class="wp-block-heading">Con quién compartimos tus datos</h2>
<p><!-- /wp:heading --><!-- wp:paragraph --></p>
<p>Los datos serán gestionados única y exclusivamente por las personas encargadas de la web y el negocio.</p>
<p><!-- /wp:paragraph --><!-- wp:heading --></p>
<h2 class="wp-block-heading">Cuánto tiempo conservamos tus datos</h2>
<p><!-- /wp:heading --><!-- wp:paragraph --></p>
<p>Si has realizado una reserva en esta web se conservan indefinidamente.</p>
<p><!-- /wp:paragraph --><!-- wp:paragraph --></p>
<p>No existe ningún método de registro donde el usuario pueda guardar sus datos y posteriormente modificarlos.</p>
<p><!-- /wp:paragraph --><!-- wp:heading --></p>
<h2 class="wp-block-heading">Qué derechos tienes sobre tus datos</h2>
<p><!-- /wp:heading --><!-- wp:paragraph --></p>
<p>Si has realizado una reserva en esta web, puedes solicitar que eliminemos cualquier dato personal que tengamos sobre ti. Esto no incluye ningún dato que estemos obligados a conservar con fines administrativos, legales o de seguridad.</p>
<p><!-- /wp:paragraph --><!-- wp:heading --></p>
<h2 class="wp-block-heading">Dónde se envían tus datos</h2>
<p><!-- /wp:heading --><!-- wp:paragraph --></p>
<p>Los datos proporcionados en las reserva se emplearan única y exclusivamente para gestionar las propias reservas solicitadas por los usuarios, la información quedara registrada en el correo casadelaqueimada@gmail.com.</p>
<p><!-- /wp:paragraph --></p>						</div>
				</div>
					</div>
		</div>
							</div>
		</section>
							</div>

<p>Quiénes somos La dirección de nuestra web es: http://casadelaqueimada.es. Nombre de la empresa Antonio Cereijo Martínez con DNI 36015865G, correo de contacto casadelaqueimada@gmail.com. Antonio Cereijo Martínez, como Responsable del Tratamiento, le informa que, según lo dispuesto en el Reglamento (UE) 2016/679, de 27 de abril, (RGPD) y en la L.O. 3/2018, de 5 de diciembre, &hellip;</p>
<p class="read-more"> <a class="" href="https://casadelaqueimada.es/?page_id=3"> <span class="screen-reader-text">Política de privacidad</span> Read More &raquo;</a></p>
